ase 11, what is 41 + 92a30?
92a71
In base 15, what is -160 + -5212?
-5372
In base 6, what is -113012 + 120055?
3043
In base 3, what is -2 - 101102112001001?
-101102112001010
In base 16, what is 7618 - -62?
767a
In base 15, what is -b39a - 69e?
-ba49
In base 13, what is -7 - 57865b?
-578665
In base 6, what is -20 - -14032545?
14032525
In base 12, what is -408a126 - -10?
-408a116
In base 9, what is -3 + 220026188?
220026185
In base 4, what is 132321130213 - 3?
132321130210
In base 12, what is 731648a - 2?
7316488
In base 6, what is 10 - 13543311?
-13543301
In base 2, what is 0 - 10010100100011011001100001010?
-10010100100011011001100001010
In base 2, what is -1001 + 11000010011100010001?
11000010011100001000
In base 7, what is -6644542 + -20?
-6644562
In base 9, what is 8232170 + -33?
8232136
In base 12, what is -6022 + a6?
-5b38
In base 10, what is 903 + -25873?
-24970
In base 15, what is 1c + -1c8135?
-1c8118
In base 12, what is -109b - -1577a?
1469b
In base 3, what is -121110110220221 + 22?
-121110110220122
In base 13, what is -b1465 - -10?
-b1455
In base 9, what is -133041 + -753?
-133804
In base 8, what is -2016104 - 2132?
-2020236
In base 16, what is 18 - 32741b?
-327403
In base 8, what is -10157743 + 11?
-10157732
In base 2, what is -10101101110010010111111011011 + -11?
-10101101110010010111111011110
In base 15, what is 1 + 35b27ab?
35b27ac
In base 9, what is 124 - -4523561?
4523685
In base 4, what is 310 + 11310331033?
11310332003
In base 3, what is -121100 - 10102000022101?
-10102000220201
In base 6, what is -122405 + -40205?
-203014
In base 16, what is -188 - -12ce?
1146
In base 2, what is -1101100010101 - 111001101?
-1110011100010
In base 5, what is 1304404333 + 14?
1304404402
In base 12, what is -15a4 + 5a5a6?
59002
In base 3, what is 11 - -10110211110100?
10110211110111
In base 2, what is 1100010100000011 + 11101010111110?
1111111111000001
In base 5, what is -102220122 + 1433?
-102213134
In base 8, what is 2 + -104365661?
-104365657
In base 9, what is -216606 - -463?
-216133
In base 13, what is -3 + 1c0b074?
1c0b071
In base 4, what is 200210122132000 - -11?
200210122132011
In base 7, what is 456263516 - -3?
456263522
In base 15, what is 330353b2 + -3?
330353ae
In base 5, what is 23042 - -41440?
120032
In base 6, what is 4022131255 - 0?
4022131255
In base 5, what is 3204 + -11340010?
-11331301
In base 8, what is -6235 + 4157?
-2056
In base 8, what is -1533351 + -1170?
-1534541
In base 15, what is 7 - 7d39ac?
-7d39a5
In base 16, what is 3c0 + -38ae?
-34ee
In base 14, what is -4 - 6b3665?
-6b3669
In base 5, what is -3423033 + -1221?
-3424304
In base 8, what is -5 - 15632551?
-15632556
In base 15, what is 3c - -b2cd?
b31a
In base 14, what is 2 + 129505?
129507
In base 15, what is -1 - 8e2c99?
-8e2c9a
In base 10, what is 54727 - -15335?
70062
In base 8, what is 12 + -26575537?
-26575525
In base 7, what is 2205411555 + -4?
2205411551
In base 12, what is 3a90 - -1191?
5061
In base 9, what is -748 + 6887?
6138
In base 13, what is 894bb84 + 4?
894bb88
In base 3, what is 2 - -1100022211120002?
1100022211120011
In base 10, what is -336249911 + -1?
-336249912
In base 10, what is 5 + 25053435?
25053440
In base 8, what is 10 + 62150462?
62150472
In base 3, what is -1222222012100 - 212?
-1222222020012
In base 4, what is -130 - 103020232?
-103021022
In base 5, what is 200021024 + 1342?
200022421
In base 11, what is -924041 + 59?
-923a93
In base 3, what is 10001002 - 1022111200?
-1012110121
In base 12, what is -a59985 - -4?
-a59981
In base 11, what is -35 - 15251163?
-15251198
In base 12, what is -17230 + -115?
-17345
In base 2, what is 11010101100 - -110100100101010?
110111111010110
In base 15, what is 4 + 2ced37?
2ced3b
In base 13, what is -3 - c486681?
-c486684
In base 5, what is 4 - 130131002?
-130130443
In base 8, what is 7751215 - -2?
7751217
In base 9, what is -12378 + 10742?
-1536
In base 3, what is -212202211220211 + 0?
-212202211220211
In base 9, what is -1733 + 56533?
54700
In base 15, what is -4 + -63b3a37?
-63b3a3b
In base 16, what is -15c + -389e?
-39fa
In base 10, what is 1 + 5683346?
5683347
In base 12, what is -b5110a3 + 7?
-b511098
In base 9, what is 4 - 112008556?
-112008552
In base 5, what is -4103004 + -1111?
-4104120
In base 8, what is 2015 - -671752?
673767
In base 7, what is 1 + -13044000?
-13043666
In base 14, what is 2a196 + -37?
2a15d
In base 2, what is -1011110101011110111100011000 + 100?
-1011110101011110111100010100
In base 7, what is 105 + -1204363?
-1204255
In base 12, what is 54005 + 7b?
54084
In base 3, what is 2020121022210 + -21?
2020121022112
In base 11, what is -25330 - -786a?
-18571
In base 13, what is 973444 + -4?
973440
In base 4, what is 132021130 - 123?
132021001
In base 10, what is 7716702 + -4?
7716698
In base 8, what is 121 - -355151?
355272
In base 15, what is 1 + -190396b?
-190396a
In base 13, what is 2209 + 27b?
2487
In base 6, what is 11430 - 521?
10505
In base 9, what is -5 - 7818413?
-7818418
In base 15, what is bc2e - 34?
bbea
In base 13, what is 539a00c - -3?
539a012
In base 10, what is 12583 - 41338?
-28755
In base 9, what is -45217508 - -36?
-45217462
In base 15, what is -32a9 - -36?
-3273
In base 9, what is -177284 + -176?
-177471
In base 2, what is 1000110100101010 + -100011101?
1000110000001101
In base 3, what is -10202022 + 1221211212?
1211002120
In base 11, what is -67191a5 + -5?
-67191aa
In base 11, what is 391 + 352375?
352756
In base 15, what is 148 - 542bd?
-54175
In base 9, what is 85 + -4603005?
-4602810
In base 6, what is -103040 + -35421?
-142501
In base 4, what is 231 + 20232110?
20233001
In base 5, what is 103331401142 + -1?
103331401141
In base 11, what is 5 - 86707978?
-86707973
In base 7, what is 31 + -42556464?
-42556433
In base 12, what is 2762a07 + 5?
2762a10
In base 2, what is 10111001011000 - -101001001?
10111110100001
In base 6, what is 21241332 + -12?
21241320
In base 6, what is 3151152 - -154?
3151350
In base 9, what is -22 + 145336?
145314
In base 15, what is -1 + 3287b?
3287a
In base 11, what is -a809 - 7213?
-16a21
In base 3, what is -10100220 - 111121110222?
-111201211212
In base 12, what is 270328 - 103?
270225
In base 9, what is -4 - 1103612644?
-1103612648
In base 14, what is -4b - -1510d6?
151089
In base 11, what is 3 + aaa351?
aaa354
In base 14, what is -4 - -2011c4?
2011c0
In base 9, what is 60 - 58137655?
-58137585
In base 13, what is 71bc4c - 77?
71bba5
In base 7, what is -26 - 1425452?
-1425511
In base 9, what is -10012336 - -1?
-10012335
In base 3, what is 11220 - -1011110020021?
1011110102011
In base 7, what is 666552653 - 5?
666552645
In base 7, what is -12014401 - -4?
-12014364
In base 9, what is -3 + -545454520?
-545454523
In base 12, what is -1b808 - -ba?
-1b70a
In base 6, what is -1140021 - -100315?
-1035302
In base 5, what is -224132031 - 11432?
-224144013
In base 5, what is -1141 - -23012421?
23011230
In base 11, what is 9665530 - -3?
9665533
In base 5, what is 1311 - -31133422?
31140233
In base 14, what is 2 + 114caa4?
114caa6
In base 10, what is -7 + 3328805?
3328798
In base 8, what is 6440427 - -167?
6440616
In base 6, what is -4 - 3500122453?
-3500122501
In base 2, what is 100001100000001110101 + -110?
100001100000001101111
In base 2, what is 110010101011110101001111 - -1?
110010101011110101010000
In base 11, what is 197142 - -a?
197151
In base 7, what is 366554050 + -4?
366554043
In base 5, what is -1 + 21201000110?
21201000104
In base 3, what is 200202122100 + -1020?
200202121010
In base 9, what is -25112 + -62?
-25174
In base 6, what is -2 + 213203421?
213203415
In base 13, what is 70393 - 3c2?
6cca1
In base 7, what is -12 - 1640133?
-1640145
In base 7, what is 5 + 6345561653?
6345561661
In base 14, what is 1477 + -309?
116c
In base 5, what is -143344120 + -110?
-143344230
In base 13, what is -472c7 + -249?
-47543
In base 12, what is -3 + 1142258?
1142255
In base 4, what is 310 - 33202101212?
-33202100302
In base 8, what is -4430 + 16441?
12011
In base 3, what is -2021200011 + 1211211?
-2012211100
In base 10, what is -2023611 + 122?
-2023489
In base 6, what is 121 + -130310?
-130145
In base 6, what is -5 - 302311424?
-302311433
In base 2, what is -1 - -100101001101001101100100001?
100101001101001101100100000
In base 9, what is -2332312